{"id":1560,"date":"2016-03-20T16:16:03","date_gmt":"2016-03-20T15:16:03","guid":{"rendered":"https:\/\/jestrudo.pl\/sklep\/produkt\/narzedzia\/"},"modified":"2025-10-26T19:22:38","modified_gmt":"2025-10-26T18:22:38","slug":"narzedzia","status":"publish","type":"product","link":"https:\/\/jestrudo.pl\/sklep\/produkt\/narzedzia\/","title":{"rendered":"Narz\u0119dzia"},"content":{"rendered":"<p>W pakiecie <strong><em>Narz\u0119dzia<\/em><\/strong>\u00a0otrzymujesz:<\/p>\n<ul>\n<li>Odszumianie<\/li>\n<li>Jasno\u015b\u0107<\/li>\n<li>2 rodzaje kontrastu<\/li>\n<li>Rozja\u015bnienie p\u00f3\u0142cieni<\/li>\n<li>Akcj\u0119 bia\u0142o-czarn\u0105 High Key<\/li>\n<li>Akcj\u0119 bia\u0142o-czarn\u0105 Low\u00a0Key<\/li>\n<li>Nasycenie<\/li>\n<li>Balans bieli ciep\u0142y<\/li>\n<li>Balans bieli zimny<\/li>\n<li>2 typy wyostrzania<\/li>\n<li>Wyostrzanie wraz ze zmian\u0105 rozmiaru zdj\u0119cia x5<\/li>\n<\/ul>\n","protected":false},"excerpt":{"rendered":"<p><strong>Akcje do Photoshopa<\/strong> to filtry kolorystyczne, kt\u00f3re jednym klikni\u0119ciem, odmieni\u0105 ka\u017cde Twoje zdj\u0119cie. Obr\u00f3bka fotografii jeszcze nigdy nie by\u0142a tak szybka i przyjemna.<\/p>\n<p>Dowiedz si\u0119 wi\u0119cej o <a href=\"https:\/\/jestrudo.pl\/sklep\/filtry-kolorystyczne-akcje-do-photoshopa\/\" target=\"_blank\" rel=\"noopener noreferrer\">akcjach do Photoshopa<\/a>\u00a0lub <a href=\"https:\/\/jestrudo.pl\/sklep\/newsletter\" target=\"_blank\" rel=\"noopener noreferrer\">zapisz na nasz newsletter<\/a>,aby otrzyma\u0107\u00a01 darmow\u0105 akcj\u0119 testow\u0105 i rabat na pierwsze zakupy!<\/p>\n","protected":false},"featured_media":17571,"template":"","meta":[],"product_brand":[],"product_cat":[8],"product_tag":[28,29,30,31],"class_list":{"0":"post-1560","1":"product","2":"type-product","3":"status-publish","4":"has-post-thumbnail","6":"product_cat-akcje","7":"product_tag-akcje","8":"product_tag-akcje-do-photoshopa","9":"product_tag-filtry-kolorystyczne","10":"product_tag-obrobka-zdjec","12":"entry","13":"has-media","15":"first","16":"instock","17":"sale","18":"downloadable","19":"virtual","20":"purchasable","21":"product-type-simple","22":"has-product-nav","23":"col","24":"span_1_of_3","25":"owp-content-center","26":"owp-thumbs-layout-horizontal","27":"owp-btn-normal","28":"owp-tabs-layout-horizontal","29":"has-no-thumbnails"},"yoast_head":"<!-- This site is optimized with the Yoast SEO plugin v26.2 - https:\/\/yoast.com\/wordpress\/plugins\/seo\/ -->\n<title>Narz\u0119dzia do Photoshopa - wyostrzanie, odszumianie<\/title>\n<meta name=\"description\" content=\"Usu\u0144 szum ze zdj\u0119\u0107, wyostrz zdj\u0119cie, zmiana rozmiaru, kontrast, jasno\u015b\u0107 TYLKO 1 klikni\u0119cie w Photoshopie, akcje narz\u0119dzia do zdj\u0119\u0107 \u2605\u2605\" \/>\n<meta name=\"robots\" content=\"index, follow, max-snippet:-1, max-image-preview:large, max-video-preview:-1\" \/>\n<link rel=\"canonical\" href=\"https:\/\/jestrudo.pl\/sklep\/produkt\/narzedzia\/\" \/>\n<meta property=\"og:locale\" content=\"pl_PL\" \/>\n<meta property=\"og:type\" content=\"article\" \/>\n<meta property=\"og:title\" content=\"Narz\u0119dzia do Photoshopa - wyostrzanie, odszumianie\" \/>\n<meta property=\"og:description\" content=\"Usu\u0144 szum ze zdj\u0119\u0107, wyostrz zdj\u0119cie, zmiana rozmiaru, kontrast, jasno\u015b\u0107 TYLKO 1 klikni\u0119cie w Photoshopie, akcje narz\u0119dzia do zdj\u0119\u0107 \u2605\u2605\" \/>\n<meta property=\"og:url\" content=\"https:\/\/jestrudo.pl\/sklep\/produkt\/narzedzia\/\" \/>\n<meta property=\"og:site_name\" content=\"Jest Rudo - nauka fotografii dla pocz\u0105tkuj\u0105cych\" \/>\n<meta property=\"article:modified_time\" content=\"2025-10-26T18:22:38+00:00\" \/>\n<meta property=\"og:image\" content=\"https:\/\/jestrudo.pl\/sklep\/wp-content\/uploads\/2016\/03\/narzedzia-do-photoshopa-wyostrzanie.jpg\" \/>\n\t<meta property=\"og:image:width\" content=\"1500\" \/>\n\t<meta property=\"og:image:height\" content=\"1500\" \/>\n\t<meta property=\"og:image:type\" content=\"image\/jpeg\" \/>\n<meta name=\"twitter:card\" content=\"summary_large_image\" \/>\n<meta name=\"twitter:label1\" content=\"Szacowany czas czytania\" \/>\n\t<meta name=\"twitter:data1\" content=\"1 minuta\" \/>\n<script type=\"application\/ld+json\" class=\"yoast-schema-graph\">{\"@context\":\"https:\/\/schema.org\",\"@graph\":[{\"@type\":\"WebPage\",\"@id\":\"https:\/\/jestrudo.pl\/sklep\/produkt\/narzedzia\/\",\"url\":\"https:\/\/jestrudo.pl\/sklep\/produkt\/narzedzia\/\",\"name\":\"Narz\u0119dzia do Photoshopa - wyostrzanie, odszumianie\",\"isPartOf\":{\"@id\":\"https:\/\/jestrudo.pl\/sklep\/#website\"},\"primaryImageOfPage\":{\"@id\":\"https:\/\/jestrudo.pl\/sklep\/produkt\/narzedzia\/#primaryimage\"},\"image\":{\"@id\":\"https:\/\/jestrudo.pl\/sklep\/produkt\/narzedzia\/#primaryimage\"},\"thumbnailUrl\":\"https:\/\/jestrudo.pl\/sklep\/wp-content\/uploads\/2016\/03\/narzedzia-do-photoshopa-wyostrzanie.jpg\",\"datePublished\":\"2016-03-20T15:16:03+00:00\",\"dateModified\":\"2025-10-26T18:22:38+00:00\",\"description\":\"Usu\u0144 szum ze zdj\u0119\u0107, wyostrz zdj\u0119cie, zmiana rozmiaru, kontrast, jasno\u015b\u0107 TYLKO 1 klikni\u0119cie w Photoshopie, akcje narz\u0119dzia do zdj\u0119\u0107 \u2605\u2605\",\"breadcrumb\":{\"@id\":\"https:\/\/jestrudo.pl\/sklep\/produkt\/narzedzia\/#breadcrumb\"},\"inLanguage\":\"pl-PL\",\"potentialAction\":[{\"@type\":\"ReadAction\",\"target\":[\"https:\/\/jestrudo.pl\/sklep\/produkt\/narzedzia\/\"]}]},{\"@type\":\"ImageObject\",\"inLanguage\":\"pl-PL\",\"@id\":\"https:\/\/jestrudo.pl\/sklep\/produkt\/narzedzia\/#primaryimage\",\"url\":\"https:\/\/jestrudo.pl\/sklep\/wp-content\/uploads\/2016\/03\/narzedzia-do-photoshopa-wyostrzanie.jpg\",\"contentUrl\":\"https:\/\/jestrudo.pl\/sklep\/wp-content\/uploads\/2016\/03\/narzedzia-do-photoshopa-wyostrzanie.jpg\",\"width\":1500,\"height\":1500,\"caption\":\"wyostrzanie zdj\u0119\u0107 w photoshopie szybko\"},{\"@type\":\"BreadcrumbList\",\"@id\":\"https:\/\/jestrudo.pl\/sklep\/produkt\/narzedzia\/#breadcrumb\",\"itemListElement\":[{\"@type\":\"ListItem\",\"position\":1,\"name\":\"Strona g\u0142\u00f3wna\",\"item\":\"https:\/\/jestrudo.pl\/sklep\/\"},{\"@type\":\"ListItem\",\"position\":2,\"name\":\"Sklep\",\"item\":\"https:\/\/jestrudo.pl\/sklep\/sklep\/\"},{\"@type\":\"ListItem\",\"position\":3,\"name\":\"Narz\u0119dzia\"}]},{\"@type\":\"WebSite\",\"@id\":\"https:\/\/jestrudo.pl\/sklep\/#website\",\"url\":\"https:\/\/jestrudo.pl\/sklep\/\",\"name\":\"Jest Rudo - nauka fotografii dla pocz\u0105tkuj\u0105cych\",\"description\":\"Kurs fotografii dla pocz\u0105tkuj\u0105cych, akcje do Photoshopa, lekcje fotografii\",\"potentialAction\":[{\"@type\":\"SearchAction\",\"target\":{\"@type\":\"EntryPoint\",\"urlTemplate\":\"https:\/\/jestrudo.pl\/sklep\/?s={search_term_string}\"},\"query-input\":{\"@type\":\"PropertyValueSpecification\",\"valueRequired\":true,\"valueName\":\"search_term_string\"}}],\"inLanguage\":\"pl-PL\"}]}<\/script>\n<!-- \/ Yoast SEO plugin. -->","yoast_head_json":{"title":"Narz\u0119dzia do Photoshopa - wyostrzanie, odszumianie","description":"Usu\u0144 szum ze zdj\u0119\u0107, wyostrz zdj\u0119cie, zmiana rozmiaru, kontrast, jasno\u015b\u0107 TYLKO 1 klikni\u0119cie w Photoshopie, akcje narz\u0119dzia do zdj\u0119\u0107 \u2605\u2605","robots":{"index":"index","follow":"follow","max-snippet":"max-snippet:-1","max-image-preview":"max-image-preview:large","max-video-preview":"max-video-preview:-1"},"canonical":"https:\/\/jestrudo.pl\/sklep\/produkt\/narzedzia\/","og_locale":"pl_PL","og_type":"article","og_title":"Narz\u0119dzia do Photoshopa - wyostrzanie, odszumianie","og_description":"Usu\u0144 szum ze zdj\u0119\u0107, wyostrz zdj\u0119cie, zmiana rozmiaru, kontrast, jasno\u015b\u0107 TYLKO 1 klikni\u0119cie w Photoshopie, akcje narz\u0119dzia do zdj\u0119\u0107 \u2605\u2605","og_url":"https:\/\/jestrudo.pl\/sklep\/produkt\/narzedzia\/","og_site_name":"Jest Rudo - nauka fotografii dla pocz\u0105tkuj\u0105cych","article_modified_time":"2025-10-26T18:22:38+00:00","og_image":[{"width":1500,"height":1500,"url":"https:\/\/jestrudo.pl\/sklep\/wp-content\/uploads\/2016\/03\/narzedzia-do-photoshopa-wyostrzanie.jpg","type":"image\/jpeg"}],"twitter_card":"summary_large_image","twitter_misc":{"Szacowany czas czytania":"1 minuta"},"schema":{"@context":"https:\/\/schema.org","@graph":[{"@type":"WebPage","@id":"https:\/\/jestrudo.pl\/sklep\/produkt\/narzedzia\/","url":"https:\/\/jestrudo.pl\/sklep\/produkt\/narzedzia\/","name":"Narz\u0119dzia do Photoshopa - wyostrzanie, odszumianie","isPartOf":{"@id":"https:\/\/jestrudo.pl\/sklep\/#website"},"primaryImageOfPage":{"@id":"https:\/\/jestrudo.pl\/sklep\/produkt\/narzedzia\/#primaryimage"},"image":{"@id":"https:\/\/jestrudo.pl\/sklep\/produkt\/narzedzia\/#primaryimage"},"thumbnailUrl":"https:\/\/jestrudo.pl\/sklep\/wp-content\/uploads\/2016\/03\/narzedzia-do-photoshopa-wyostrzanie.jpg","datePublished":"2016-03-20T15:16:03+00:00","dateModified":"2025-10-26T18:22:38+00:00","description":"Usu\u0144 szum ze zdj\u0119\u0107, wyostrz zdj\u0119cie, zmiana rozmiaru, kontrast, jasno\u015b\u0107 TYLKO 1 klikni\u0119cie w Photoshopie, akcje narz\u0119dzia do zdj\u0119\u0107 \u2605\u2605","breadcrumb":{"@id":"https:\/\/jestrudo.pl\/sklep\/produkt\/narzedzia\/#breadcrumb"},"inLanguage":"pl-PL","potentialAction":[{"@type":"ReadAction","target":["https:\/\/jestrudo.pl\/sklep\/produkt\/narzedzia\/"]}]},{"@type":"ImageObject","inLanguage":"pl-PL","@id":"https:\/\/jestrudo.pl\/sklep\/produkt\/narzedzia\/#primaryimage","url":"https:\/\/jestrudo.pl\/sklep\/wp-content\/uploads\/2016\/03\/narzedzia-do-photoshopa-wyostrzanie.jpg","contentUrl":"https:\/\/jestrudo.pl\/sklep\/wp-content\/uploads\/2016\/03\/narzedzia-do-photoshopa-wyostrzanie.jpg","width":1500,"height":1500,"caption":"wyostrzanie zdj\u0119\u0107 w photoshopie szybko"},{"@type":"BreadcrumbList","@id":"https:\/\/jestrudo.pl\/sklep\/produkt\/narzedzia\/#breadcrumb","itemListElement":[{"@type":"ListItem","position":1,"name":"Strona g\u0142\u00f3wna","item":"https:\/\/jestrudo.pl\/sklep\/"},{"@type":"ListItem","position":2,"name":"Sklep","item":"https:\/\/jestrudo.pl\/sklep\/sklep\/"},{"@type":"ListItem","position":3,"name":"Narz\u0119dzia"}]},{"@type":"WebSite","@id":"https:\/\/jestrudo.pl\/sklep\/#website","url":"https:\/\/jestrudo.pl\/sklep\/","name":"Jest Rudo - nauka fotografii dla pocz\u0105tkuj\u0105cych","description":"Kurs fotografii dla pocz\u0105tkuj\u0105cych, akcje do Photoshopa, lekcje fotografii","potentialAction":[{"@type":"SearchAction","target":{"@type":"EntryPoint","urlTemplate":"https:\/\/jestrudo.pl\/sklep\/?s={search_term_string}"},"query-input":{"@type":"PropertyValueSpecification","valueRequired":true,"valueName":"search_term_string"}}],"inLanguage":"pl-PL"}]}},"_links":{"self":[{"href":"https:\/\/jestrudo.pl\/sklep\/wp-json\/wp\/v2\/product\/1560","targetHints":{"allow":["GET"]}}],"collection":[{"href":"https:\/\/jestrudo.pl\/sklep\/wp-json\/wp\/v2\/product"}],"about":[{"href":"https:\/\/jestrudo.pl\/sklep\/wp-json\/wp\/v2\/types\/product"}],"version-history":[{"count":1,"href":"https:\/\/jestrudo.pl\/sklep\/wp-json\/wp\/v2\/product\/1560\/revisions"}],"predecessor-version":[{"id":12704,"href":"https:\/\/jestrudo.pl\/sklep\/wp-json\/wp\/v2\/product\/1560\/revisions\/12704"}],"wp:featuredmedia":[{"embeddable":true,"href":"https:\/\/jestrudo.pl\/sklep\/wp-json\/wp\/v2\/media\/17571"}],"wp:attachment":[{"href":"https:\/\/jestrudo.pl\/sklep\/wp-json\/wp\/v2\/media?parent=1560"}],"wp:term":[{"taxonomy":"product_brand","embeddable":true,"href":"https:\/\/jestrudo.pl\/sklep\/wp-json\/wp\/v2\/product_brand?post=1560"},{"taxonomy":"product_cat","embeddable":true,"href":"https:\/\/jestrudo.pl\/sklep\/wp-json\/wp\/v2\/product_cat?post=1560"},{"taxonomy":"product_tag","embeddable":true,"href":"https:\/\/jestrudo.pl\/sklep\/wp-json\/wp\/v2\/product_tag?post=1560"}],"curies":[{"name":"wp","href":"https:\/\/api.w.org\/{rel}","templated":true}]}}